{"id":37,"date":"2026-01-23T13:37:15","date_gmt":"2026-01-23T13:37:15","guid":{"rendered":"https:\/\/akuralab.com\/index.php\/about\/"},"modified":"2026-03-20T12:54:47","modified_gmt":"2026-03-20T12:54:47","slug":"nuestra-empresa","status":"publish","type":"page","link":"https:\/\/akuralab.com\/index.php\/nuestra-empresa\/","title":{"rendered":"Nosotros"},"content":{"rendered":"\t\t<div data-elementor-type=\"wp-page\" data-elementor-id=\"37\" class=\"elementor elementor-37\" data-elementor-post-type=\"page\">\n\t\t\t\t<div class=\"elementor-element elementor-element-2d877591 e-flex e-con-boxed e-con e-parent\" data-id=\"2d877591\" data-element_type=\"container\" data-settings=\"{&quot;background_background&quot;:&quot;gradient&quot;,&quot;shape_divider_bottom&quot;:&quot;waves&quot;}\">\n\t\t\t\t\t<div class=\"e-con-inner\">\n\t\t\t\t<div class=\"elementor-shape elementor-shape-bottom\" aria-hidden=\"true\" data-negative=\"false\">\n\t\t\t<svg xmlns=\"http:\/\/www.w3.org\/2000\/svg\" viewBox=\"0 0 1000 100\" preserveAspectRatio=\"none\">\n\t<path class=\"elementor-shape-fill\" d=\"M421.9,6.5c22.6-2.5,51.5,0.4,75.5,5.3c23.6,4.9,70.9,23.5,100.5,35.7c75.8,32.2,133.7,44.5,192.6,49.7\n\tc23.6,2.1,48.7,3.5,103.4-2.5c54.7-6,106.2-25.6,106.2-25.6V0H0v30.3c0,0,72,32.6,158.4,30.5c39.2-0.7,92.8-6.7,134-22.4\n\tc21.2-8.1,52.2-18.2,79.7-24.2C399.3,7.9,411.6,7.5,421.9,6.5z\"\/>\n<\/svg>\t\t<\/div>\n\t\t\t\t<div class=\"elementor-element elementor-element-3144bb87 elementor-widget elementor-widget-heading\" data-id=\"3144bb87\" data-element_type=\"widget\" data-widget_type=\"heading.default\">\n\t\t\t\t\t<h3 class=\"elementor-heading-title elementor-size-default\">Nuestra Empresa<\/h3>\t\t\t\t<\/div>\n\t\t\t\t<div class=\"elementor-element elementor-element-c973834 elementor-widget-divider--view-line elementor-widget elementor-widget-divider\" data-id=\"c973834\" data-element_type=\"widget\" data-widget_type=\"divider.default\">\n\t\t\t\t\t\t\t<div class=\"elementor-divider\">\n\t\t\t<span class=\"elementor-divider-separator\">\n\t\t\t\t\t\t<\/span>\n\t\t<\/div>\n\t\t\t\t\t\t<\/div>\n\t\t\t\t<div class=\"elementor-element elementor-element-e527e8a elementor-widget elementor-widget-image\" data-id=\"e527e8a\" data-element_type=\"widget\" data-widget_type=\"image.default\">\n\t\t\t\t\t\t\t\t\t\t\t\t\t\t\t<img fetchpriority=\"high\" decoding=\"async\" width=\"800\" height=\"187\" src=\"https:\/\/akuralab.com\/wp-content\/uploads\/2026\/01\/Logo-AKURALAB-blanco-sin-bajada-1024x239.png\" class=\"attachment-large size-large wp-image-197\" alt=\"\" srcset=\"https:\/\/akuralab.com\/wp-content\/uploads\/2026\/01\/Logo-AKURALAB-blanco-sin-bajada-1024x239.png 1024w, https:\/\/akuralab.com\/wp-content\/uploads\/2026\/01\/Logo-AKURALAB-blanco-sin-bajada-300x70.png 300w, https:\/\/akuralab.com\/wp-content\/uploads\/2026\/01\/Logo-AKURALAB-blanco-sin-bajada-768x179.png 768w, https:\/\/akuralab.com\/wp-content\/uploads\/2026\/01\/Logo-AKURALAB-blanco-sin-bajada-1536x359.png 1536w, https:\/\/akuralab.com\/wp-content\/uploads\/2026\/01\/Logo-AKURALAB-blanco-sin-bajada-2048x479.png 2048w\" sizes=\"(max-width: 800px) 100vw, 800px\" \/>\t\t\t\t\t\t\t\t\t\t\t\t\t\t\t<\/div>\n\t\t\t\t\t<\/div>\n\t\t\t\t<\/div>\n\t\t<div class=\"elementor-element elementor-element-d960fd9 e-flex e-con-boxed e-con e-parent\" data-id=\"d960fd9\" data-element_type=\"container\">\n\t\t\t\t\t<div class=\"e-con-inner\">\n\t\t\t\t<div class=\"elementor-element elementor-element-ee932cb elementor-widget elementor-widget-spacer\" data-id=\"ee932cb\" data-element_type=\"widget\" data-widget_type=\"spacer.default\">\n\t\t\t\t\t\t\t<div class=\"elementor-spacer\">\n\t\t\t<div class=\"elementor-spacer-inner\"><\/div>\n\t\t<\/div>\n\t\t\t\t\t\t<\/div>\n\t\t\t\t\t<\/div>\n\t\t\t\t<\/div>\n\t\t<div class=\"elementor-element elementor-element-10f37ef e-flex e-con-boxed e-con e-parent\" data-id=\"10f37ef\" data-element_type=\"container\">\n\t\t\t\t\t<div class=\"e-con-inner\">\n\t\t<div class=\"elementor-element elementor-element-755bdd9 e-con-full e-flex e-con e-child\" data-id=\"755bdd9\" data-element_type=\"container\">\n\t\t\t\t<div class=\"elementor-element elementor-element-78aba03 elementor-widget__width-initial elementor-widget elementor-widget-image\" data-id=\"78aba03\" data-element_type=\"widget\" data-widget_type=\"image.default\">\n\t\t\t\t\t\t\t\t\t\t\t\t\t\t\t<img decoding=\"async\" width=\"768\" height=\"432\" src=\"https:\/\/akuralab.com\/wp-content\/uploads\/2026\/01\/shutterstock_1180289281-768x432.jpg\" class=\"attachment-medium_large size-medium_large wp-image-170\" alt=\"\" srcset=\"https:\/\/akuralab.com\/wp-content\/uploads\/2026\/01\/shutterstock_1180289281-768x432.jpg 768w, https:\/\/akuralab.com\/wp-content\/uploads\/2026\/01\/shutterstock_1180289281-300x169.jpg 300w, https:\/\/akuralab.com\/wp-content\/uploads\/2026\/01\/shutterstock_1180289281-1024x576.jpg 1024w, https:\/\/akuralab.com\/wp-content\/uploads\/2026\/01\/shutterstock_1180289281-1536x864.jpg 1536w, https:\/\/akuralab.com\/wp-content\/uploads\/2026\/01\/shutterstock_1180289281-2048x1152.jpg 2048w\" sizes=\"(max-width: 768px) 100vw, 768px\" \/>\t\t\t\t\t\t\t\t\t\t\t\t\t\t\t<\/div>\n\t\t\t\t<\/div>\n\t\t<div class=\"elementor-element elementor-element-2642887 e-con-full e-flex e-con e-child\" data-id=\"2642887\" data-element_type=\"container\">\n\t\t\t\t<div class=\"elementor-element elementor-element-ae8fcf3 elementor-widget elementor-widget-text-editor\" data-id=\"ae8fcf3\" data-element_type=\"widget\" data-widget_type=\"text-editor.default\">\n\t\t\t\t\t\t\t\t\t<h3><strong>\u00bfQui\u00e9nes somos?<\/strong><\/h3>\n<p><span style=\"font-weight: 400;\">En <\/span><b>Akuralab<\/b><span style=\"font-weight: 400;\"> nos especializamos en la provisi\u00f3n de equipamiento anal\u00edtico de alta tecnolog\u00eda. Pero no estamos solos: somos parte del ecosistema del <\/span><b>Grupo AKRIBIS<\/b><span style=\"font-weight: 400;\">.<\/span><\/p>\n<p><span style=\"font-weight: 400;\">Esta alianza estrat\u00e9gica nos permite acompa\u00f1ar a tu laboratorio durante todo el ciclo de vida del equipo, integrando soluciones expertas:<\/span><\/p>\n<ul>\n<li style=\"font-weight: 400;\" aria-level=\"1\"><b>Venta y Asesor\u00eda:<\/b><span style=\"font-weight: 400;\"> A trav\u00e9s de <\/span><b>AKURALAB<\/b><span style=\"font-weight: 400;\">.<\/span><\/li>\n<li style=\"font-weight: 400;\" aria-level=\"1\"><b>Calibraci\u00f3n y Mantenimiento:<\/b><span style=\"font-weight: 400;\"> Con el respaldo de <\/span><b>AKRIMET<\/b><span style=\"font-weight: 400;\">.<\/span><\/li>\n<li style=\"font-weight: 400;\" aria-level=\"1\"><b>Validaci\u00f3n y Calidad:<\/b><span style=\"font-weight: 400;\"> Mediante la consultor\u00eda especializada de <\/span><b>SOLFARMA<\/b><span style=\"font-weight: 400;\">.<\/span><\/li>\n<\/ul>\n<p><span style=\"font-weight: 400;\"><br><\/span><\/p><p><span style=\"font-weight: 400;\">Nuestro orgullo es brindarte un servicio integral: todas las herramientas y el soporte que necesit\u00e1s, en un solo lugar.<\/span><\/p>\t\t\t\t\t\t\t\t<\/div>\n\t\t\t\t<\/div>\n\t\t\t\t\t<\/div>\n\t\t\t\t<\/div>\n\t\t<div class=\"elementor-element elementor-element-fab2307 e-flex e-con-boxed e-con e-parent\" data-id=\"fab2307\" data-element_type=\"container\">\n\t\t\t\t\t<div class=\"e-con-inner\">\n\t\t\t\t<div class=\"elementor-element elementor-element-89111d9 elementor-widget elementor-widget-spacer\" data-id=\"89111d9\" data-element_type=\"widget\" data-widget_type=\"spacer.default\">\n\t\t\t\t\t\t\t<div class=\"elementor-spacer\">\n\t\t\t<div class=\"elementor-spacer-inner\"><\/div>\n\t\t<\/div>\n\t\t\t\t\t\t<\/div>\n\t\t\t\t\t<\/div>\n\t\t\t\t<\/div>\n\t\t<div class=\"elementor-element elementor-element-36fa846b e-flex e-con-boxed e-con e-parent\" data-id=\"36fa846b\" data-element_type=\"container\" data-settings=\"{&quot;background_background&quot;:&quot;classic&quot;}\">\n\t\t\t\t\t<div class=\"e-con-inner\">\n\t\t<div class=\"elementor-element elementor-element-26e2682 e-con-full e-flex e-con e-child\" data-id=\"26e2682\" data-element_type=\"container\" data-settings=\"{&quot;background_background&quot;:&quot;classic&quot;}\">\n\t\t<div class=\"elementor-element elementor-element-4a05aa68 e-con-full e-flex e-con e-child\" data-id=\"4a05aa68\" data-element_type=\"container\" data-settings=\"{&quot;background_background&quot;:&quot;classic&quot;}\">\n\t\t\t\t<div class=\"elementor-element elementor-element-5cad1455 elementor-widget elementor-widget-heading\" data-id=\"5cad1455\" data-element_type=\"widget\" data-widget_type=\"heading.default\">\n\t\t\t\t\t<h4 class=\"elementor-heading-title elementor-size-default\">Nuestra Historia<\/h4>\t\t\t\t<\/div>\n\t\t\t\t<div class=\"elementor-element elementor-element-64090756 elementor-widget elementor-widget-text-editor\" data-id=\"64090756\" data-element_type=\"widget\" data-widget_type=\"text-editor.default\">\n\t\t\t\t\t\t\t\t\t<p>AKRIBIS naci\u00f3 en Argentina en 2001 como un sue\u00f1o que comenz\u00f3 en un bar. Con una visi\u00f3n clara y crecimiento sostenido, evolucionamos a ritmo exponencial. En 2019 dimos un gran paso al mudarnos a un gran espacio, pensado para el futuro\u2026 que r\u00e1pidamente nos qued\u00f3 chico. Hoy seguimos expandi\u00e9ndonos, impulsados por la innovaci\u00f3n y la confianza de nuestros clientes.<\/p>\n<p>Ahora nace <strong>AKURALAB<\/strong>, creada para darle a los laboratorios de anal\u00edticos la atenci\u00f3n y la relevancia que realmente merecen. Un proyecto enfocado en brindar un servicio especializado, cercano y de excelencia, pensado exclusivamente para sus necesidades.<\/p>\t\t\t\t\t\t\t\t<\/div>\n\t\t\t\t<\/div>\n\t\t<div class=\"elementor-element elementor-element-15b80096 e-con-full e-flex e-con e-child\" data-id=\"15b80096\" data-element_type=\"container\" data-settings=\"{&quot;background_background&quot;:&quot;classic&quot;}\">\n\t\t\t\t<div class=\"elementor-element elementor-element-fa8df67 elementor-widget elementor-widget-heading\" data-id=\"fa8df67\" data-element_type=\"widget\" data-widget_type=\"heading.default\">\n\t\t\t\t\t<h4 class=\"elementor-heading-title elementor-size-default\">Nuestra Misi\u00f3n<\/h4>\t\t\t\t<\/div>\n\t\t\t\t<div class=\"elementor-element elementor-element-3ef5c08e elementor-widget elementor-widget-text-editor\" data-id=\"3ef5c08e\" data-element_type=\"widget\" data-widget_type=\"text-editor.default\">\n\t\t\t\t\t\t\t\t\t<p><span style=\"font-weight: 400;\">Potenciar a los laboratorios de la regi\u00f3n mediante instrumentos y conocimientos que aseguren la excelencia anal\u00edtica y el cumplimiento normativo.<\/span><\/p>\t\t\t\t\t\t\t\t<\/div>\n\t\t\t\t<\/div>\n\t\t<div class=\"elementor-element elementor-element-6deb90d6 e-con-full e-flex e-con e-child\" data-id=\"6deb90d6\" data-element_type=\"container\" data-settings=\"{&quot;background_background&quot;:&quot;classic&quot;}\">\n\t\t\t\t<div class=\"elementor-element elementor-element-231eb5b elementor-widget elementor-widget-heading\" data-id=\"231eb5b\" data-element_type=\"widget\" data-widget_type=\"heading.default\">\n\t\t\t\t\t<h4 class=\"elementor-heading-title elementor-size-default\">Nuestra Visi\u00f3n<\/h4>\t\t\t\t<\/div>\n\t\t\t\t<div class=\"elementor-element elementor-element-73738b1 elementor-widget elementor-widget-text-editor\" data-id=\"73738b1\" data-element_type=\"widget\" data-widget_type=\"text-editor.default\">\n\t\t\t\t\t\t\t\t\t<p><span style=\"font-weight: 400;\">Ser el referente n\u00famero uno en tecnolog\u00eda anal\u00edtica en Latinoam\u00e9rica.<\/span><\/p>\t\t\t\t\t\t\t\t<\/div>\n\t\t\t\t<\/div>\n\t\t\t\t<\/div>\n\t\t<div class=\"elementor-element elementor-element-763cbb1f e-con-full e-flex e-con e-child\" data-id=\"763cbb1f\" data-element_type=\"container\">\n\t\t\t\t<div class=\"elementor-element elementor-element-972e7f9 elementor-widget elementor-widget-heading\" data-id=\"972e7f9\" data-element_type=\"widget\" data-widget_type=\"heading.default\">\n\t\t\t\t\t<h2 class=\"elementor-heading-title elementor-size-default\">Ubicaciones<\/h2>\t\t\t\t<\/div>\n\t\t\t\t<div class=\"elementor-element elementor-element-36428bd elementor-widget elementor-widget-text-editor\" data-id=\"36428bd\" data-element_type=\"widget\" data-widget_type=\"text-editor.default\">\n\t\t\t\t\t\t\t\t\t<p>Contamos con oficinas en Argentina, Paraguay, Uruguay y Estados Unidos, y damos respuesta a las necesidades de toda Latinoam\u00e9rica. Donde est\u00e9s, estamos.<\/p>\t\t\t\t\t\t\t\t<\/div>\n\t\t\t\t<div class=\"elementor-element elementor-element-cd110b9 elementor-widget elementor-widget-image\" data-id=\"cd110b9\" data-element_type=\"widget\" data-widget_type=\"image.default\">\n\t\t\t\t\t\t\t\t\t\t\t\t\t\t\t<img decoding=\"async\" width=\"687\" height=\"1024\" src=\"https:\/\/akuralab.com\/wp-content\/uploads\/2026\/03\/America-Coloreable-687x1024.png\" class=\"attachment-large size-large wp-image-669\" alt=\"\" srcset=\"https:\/\/akuralab.com\/wp-content\/uploads\/2026\/03\/America-Coloreable-687x1024.png 687w, https:\/\/akuralab.com\/wp-content\/uploads\/2026\/03\/America-Coloreable-201x300.png 201w, https:\/\/akuralab.com\/wp-content\/uploads\/2026\/03\/America-Coloreable-768x1145.png 768w, https:\/\/akuralab.com\/wp-content\/uploads\/2026\/03\/America-Coloreable-1030x1536.png 1030w, https:\/\/akuralab.com\/wp-content\/uploads\/2026\/03\/America-Coloreable-1374x2048.png 1374w, https:\/\/akuralab.com\/wp-content\/uploads\/2026\/03\/America-Coloreable-600x894.png 600w, https:\/\/akuralab.com\/wp-content\/uploads\/2026\/03\/America-Coloreable-scaled.png 1717w\" sizes=\"(max-width: 687px) 100vw, 687px\" \/>\t\t\t\t\t\t\t\t\t\t\t\t\t\t\t<\/div>\n\t\t\t\t<\/div>\n\t\t\t\t\t<\/div>\n\t\t\t\t<\/div>\n\t\t<div class=\"elementor-element elementor-element-4511c707 e-flex e-con-boxed e-con e-parent\" data-id=\"4511c707\" data-element_type=\"container\" data-settings=\"{&quot;background_background&quot;:&quot;classic&quot;}\">\n\t\t\t\t\t<div class=\"e-con-inner\">\n\t\t\t\t<div class=\"elementor-element elementor-element-1ee4faa3 elementor-widget elementor-widget-heading\" data-id=\"1ee4faa3\" data-element_type=\"widget\" data-widget_type=\"heading.default\">\n\t\t\t\t\t<h3 class=\"elementor-heading-title elementor-size-default\">Conocenos<\/h3>\t\t\t\t<\/div>\n\t\t\t\t<div class=\"elementor-element elementor-element-56bae38d elementor-widget elementor-widget-heading\" data-id=\"56bae38d\" data-element_type=\"widget\" data-widget_type=\"heading.default\">\n\t\t\t\t\t<h2 class=\"elementor-heading-title elementor-size-default\">El Grupo AKRIBIS<\/h2>\t\t\t\t<\/div>\n\t\t\t\t<div class=\"elementor-element elementor-element-42b688c4 elementor-widget elementor-widget-text-editor\" data-id=\"42b688c4\" data-element_type=\"widget\" data-widget_type=\"text-editor.default\">\n\t\t\t\t\t\t\t\t\t<p><em>Sinergizando conocimiento y tecnolog\u00eda<\/em><\/p>\t\t\t\t\t\t\t\t<\/div>\n\t\t\t\t<div class=\"elementor-element elementor-element-16eba86 elementor-widget elementor-widget-text-editor\" data-id=\"16eba86\" data-element_type=\"widget\" data-widget_type=\"text-editor.default\">\n\t\t\t\t\t\t\t\t\t<p>AKRIBIS significa en griego exactitud y precisi\u00f3n. Estos valores nos definen desde hace casi 25 a\u00f1os.<br \/>Hoy somos m\u00e1s de 90 personas que dise\u00f1an y entregan soluciones de alto valor al integrar conocimiento profundo de procesos con tecnolog\u00edas de clase mundial, en alianza con socios tecnol\u00f3gicos de excelencia.<\/p>\t\t\t\t\t\t\t\t<\/div>\n\t\t<div class=\"elementor-element elementor-element-50650fef e-con-full e-flex e-con e-child\" data-id=\"50650fef\" data-element_type=\"container\">\n\t\t\t\t<div class=\"elementor-element elementor-element-2995b59e elementor-widget__width-initial elementor-position-top elementor-widget elementor-widget-image-box\" data-id=\"2995b59e\" data-element_type=\"widget\" data-widget_type=\"image-box.default\">\n\t\t\t\t\t<div class=\"elementor-image-box-wrapper\"><figure class=\"elementor-image-box-img\"><a href=\"https:\/\/www.akribis.info\/s\/\" tabindex=\"-1\"><img loading=\"lazy\" decoding=\"async\" width=\"729\" height=\"672\" src=\"https:\/\/akuralab.com\/wp-content\/uploads\/2026\/01\/Logo_banderilla_Akribis_sombreado.png\" class=\"attachment-full size-full wp-image-375\" alt=\"\" srcset=\"https:\/\/akuralab.com\/wp-content\/uploads\/2026\/01\/Logo_banderilla_Akribis_sombreado.png 729w, https:\/\/akuralab.com\/wp-content\/uploads\/2026\/01\/Logo_banderilla_Akribis_sombreado-300x277.png 300w\" sizes=\"(max-width: 729px) 100vw, 729px\" \/><\/a><\/figure><\/div>\t\t\t\t<\/div>\n\t\t\t\t<div class=\"elementor-element elementor-element-311c336f elementor-widget__width-initial elementor-position-top elementor-widget elementor-widget-image-box\" data-id=\"311c336f\" data-element_type=\"widget\" data-widget_type=\"image-box.default\">\n\t\t\t\t\t<div class=\"elementor-image-box-wrapper\"><figure class=\"elementor-image-box-img\"><a href=\"https:\/\/akrimet.com\/\" tabindex=\"-1\"><img loading=\"lazy\" decoding=\"async\" width=\"729\" height=\"672\" src=\"https:\/\/akuralab.com\/wp-content\/uploads\/2026\/01\/Logo_banderilla_Akrimet_sombreado.png\" class=\"attachment-full size-full wp-image-372\" alt=\"\" srcset=\"https:\/\/akuralab.com\/wp-content\/uploads\/2026\/01\/Logo_banderilla_Akrimet_sombreado.png 729w, https:\/\/akuralab.com\/wp-content\/uploads\/2026\/01\/Logo_banderilla_Akrimet_sombreado-300x277.png 300w\" sizes=\"(max-width: 729px) 100vw, 729px\" \/><\/a><\/figure><\/div>\t\t\t\t<\/div>\n\t\t\t\t<div class=\"elementor-element elementor-element-55211ce5 elementor-widget__width-initial elementor-position-top elementor-widget elementor-widget-image-box\" data-id=\"55211ce5\" data-element_type=\"widget\" data-widget_type=\"image-box.default\">\n\t\t\t\t\t<div class=\"elementor-image-box-wrapper\"><figure class=\"elementor-image-box-img\"><a href=\"https:\/\/www.singular4.com\/\" tabindex=\"-1\"><img loading=\"lazy\" decoding=\"async\" width=\"729\" height=\"672\" src=\"https:\/\/akuralab.com\/wp-content\/uploads\/2026\/01\/Logo_banderilla_Singular4_sombreado.png\" class=\"attachment-full size-full wp-image-374\" alt=\"\" srcset=\"https:\/\/akuralab.com\/wp-content\/uploads\/2026\/01\/Logo_banderilla_Singular4_sombreado.png 729w, https:\/\/akuralab.com\/wp-content\/uploads\/2026\/01\/Logo_banderilla_Singular4_sombreado-300x277.png 300w\" sizes=\"(max-width: 729px) 100vw, 729px\" \/><\/a><\/figure><\/div>\t\t\t\t<\/div>\n\t\t\t\t<div class=\"elementor-element elementor-element-69b6ebe elementor-widget__width-initial elementor-position-top elementor-widget elementor-widget-image-box\" data-id=\"69b6ebe\" data-element_type=\"widget\" data-widget_type=\"image-box.default\">\n\t\t\t\t\t<div class=\"elementor-image-box-wrapper\"><figure class=\"elementor-image-box-img\"><a href=\"https:\/\/sol-farma.com\/\" tabindex=\"-1\"><img loading=\"lazy\" decoding=\"async\" width=\"729\" height=\"672\" src=\"https:\/\/akuralab.com\/wp-content\/uploads\/2026\/01\/Logo_banderilla_Solfarma_sombreado.png\" class=\"attachment-full size-full wp-image-373\" alt=\"\" srcset=\"https:\/\/akuralab.com\/wp-content\/uploads\/2026\/01\/Logo_banderilla_Solfarma_sombreado.png 729w, https:\/\/akuralab.com\/wp-content\/uploads\/2026\/01\/Logo_banderilla_Solfarma_sombreado-300x277.png 300w\" sizes=\"(max-width: 729px) 100vw, 729px\" \/><\/a><\/figure><\/div>\t\t\t\t<\/div>\n\t\t\t\t<div class=\"elementor-element elementor-element-6d82d87c elementor-widget__width-initial elementor-position-top elementor-widget elementor-widget-image-box\" data-id=\"6d82d87c\" data-element_type=\"widget\" data-widget_type=\"image-box.default\">\n\t\t\t\t\t<div class=\"elementor-image-box-wrapper\"><figure class=\"elementor-image-box-img\"><img decoding=\"async\" src=\"https:\/\/akuralab.com\/wp-content\/uploads\/2026\/01\/Team-4-1.png\" title=\"\" alt=\"\" loading=\"lazy\" \/><\/figure><div class=\"elementor-image-box-content\"><h3 class=\"elementor-image-box-title\">AKURALAB<\/h3><\/div><\/div>\t\t\t\t<\/div>\n\t\t\t\t<\/div>\n\t\t\t\t\t<\/div>\n\t\t\t\t<\/div>\n\t\t<div class=\"elementor-element elementor-element-72c2b69c e-flex e-con-boxed e-con e-parent\" data-id=\"72c2b69c\" data-element_type=\"container\" data-settings=\"{&quot;background_background&quot;:&quot;gradient&quot;,&quot;shape_divider_top&quot;:&quot;waves&quot;}\">\n\t\t\t\t\t<div class=\"e-con-inner\">\n\t\t\t\t<div class=\"elementor-shape elementor-shape-top\" aria-hidden=\"true\" data-negative=\"false\">\n\t\t\t<svg xmlns=\"http:\/\/www.w3.org\/2000\/svg\" viewBox=\"0 0 1000 100\" preserveAspectRatio=\"none\">\n\t<path class=\"elementor-shape-fill\" d=\"M421.9,6.5c22.6-2.5,51.5,0.4,75.5,5.3c23.6,4.9,70.9,23.5,100.5,35.7c75.8,32.2,133.7,44.5,192.6,49.7\n\tc23.6,2.1,48.7,3.5,103.4-2.5c54.7-6,106.2-25.6,106.2-25.6V0H0v30.3c0,0,72,32.6,158.4,30.5c39.2-0.7,92.8-6.7,134-22.4\n\tc21.2-8.1,52.2-18.2,79.7-24.2C399.3,7.9,411.6,7.5,421.9,6.5z\"\/>\n<\/svg>\t\t<\/div>\n\t\t<div class=\"elementor-element elementor-element-2c8874b4 e-con-full e-flex e-con e-child\" data-id=\"2c8874b4\" data-element_type=\"container\">\n\t\t\t\t<\/div>\n\t\t<div class=\"elementor-element elementor-element-2c1b48fa e-con-full e-flex e-con e-child\" data-id=\"2c1b48fa\" data-element_type=\"container\">\n\t\t\t\t<div class=\"elementor-element elementor-element-2c95c29f elementor-widget elementor-widget-image\" data-id=\"2c95c29f\" data-element_type=\"widget\" data-widget_type=\"image.default\">\n\t\t\t\t\t\t\t\t\t\t\t\t\t\t\t<img decoding=\"async\" src=\"https:\/\/akuralab.com\/wp-content\/uploads\/2026\/01\/CTA-About-new.png\" title=\"\" alt=\"\" loading=\"lazy\" \/>\t\t\t\t\t\t\t\t\t\t\t\t\t\t\t<\/div>\n\t\t\t\t<\/div>\n\t\t\t\t\t<\/div>\n\t\t\t\t<\/div>\n\t\t\t\t<\/div>\n\t\t","protected":false},"excerpt":{"rendered":"<p>Nuestra Empresa \u00bfQui\u00e9nes somos? En Akuralab nos especializamos en la provisi\u00f3n de equipamiento anal\u00edtico de alta tecnolog\u00eda. Pero no estamos solos: somos parte del ecosistema del Grupo AKRIBIS. Esta alianza estrat\u00e9gica nos permite acompa\u00f1ar a tu laboratorio durante todo el ciclo de vida del equipo, integrando soluciones expertas: Venta y Asesor\u00eda: A trav\u00e9s de AKURALAB. [&hellip;]<\/p>\n","protected":false},"author":1,"featured_media":0,"parent":0,"menu_order":0,"comment_status":"closed","ping_status":"closed","template":"elementor_header_footer","meta":{"footnotes":""},"class_list":["post-37","page","type-page","status-publish","hentry"],"jetpack_sharing_enabled":true,"_links":{"self":[{"href":"https:\/\/akuralab.com\/index.php\/wp-json\/wp\/v2\/pages\/37","targetHints":{"allow":["GET"]}}],"collection":[{"href":"https:\/\/akuralab.com\/index.php\/wp-json\/wp\/v2\/pages"}],"about":[{"href":"https:\/\/akuralab.com\/index.php\/wp-json\/wp\/v2\/types\/page"}],"author":[{"embeddable":true,"href":"https:\/\/akuralab.com\/index.php\/wp-json\/wp\/v2\/users\/1"}],"replies":[{"embeddable":true,"href":"https:\/\/akuralab.com\/index.php\/wp-json\/wp\/v2\/comments?post=37"}],"version-history":[{"count":54,"href":"https:\/\/akuralab.com\/index.php\/wp-json\/wp\/v2\/pages\/37\/revisions"}],"predecessor-version":[{"id":1201,"href":"https:\/\/akuralab.com\/index.php\/wp-json\/wp\/v2\/pages\/37\/revisions\/1201"}],"wp:attachment":[{"href":"https:\/\/akuralab.com\/index.php\/wp-json\/wp\/v2\/media?parent=37"}],"curies":[{"name":"wp","href":"https:\/\/api.w.org\/{rel}","templated":true}]}}